{"id":12112,"date":"2023-05-26T22:14:35","date_gmt":"2023-05-26T22:14:35","guid":{"rendered":"https:\/\/america.sitesolimpo.tech\/?page_id=12112"},"modified":"2023-06-09T20:45:48","modified_gmt":"2023-06-09T20:45:48","slug":"industria","status":"publish","type":"page","link":"https:\/\/america.com.uy\/construccion\/industria\/","title":{"rendered":"Industria"},"content":{"rendered":"\t\t<div data-elementor-type=\"wp-page\" data-elementor-id=\"12112\" class=\"elementor elementor-12112\">\n\t\t\t\t\t\t<section class=\"elementor-section elementor-top-section elementor-element elementor-element-73f87f5 elementor-section-height-min-height elementor-section-boxed elementor-section-height-default elementor-section-items-middle\" data-id=\"73f87f5\" data-element_type=\"section\" data-e-type=\"section\" data-settings=\"{&quot;background_background&quot;:&quot;classic&quot;}\">\n\t\t\t\t\t\t\t<div class=\"elementor-background-overlay\"><\/div>\n\t\t\t\t\t\t\t<div class=\"elementor-container elementor-column-gap-default\">\n\t\t\t\t\t<div class=\"elementor-column elementor-col-100 elementor-top-column elementor-element elementor-element-295033d0\" data-id=\"295033d0\" data-element_type=\"column\" data-e-type=\"column\">\n\t\t\t<div class=\"elementor-widget-wrap elementor-element-populated\">\n\t\t\t\t\t\t<div data-custom-animations=\"true\" data-ca-options=\"{&quot;addChildTimelines&quot;:false,&quot;animationTarget&quot;:&quot;:scope &gt; .elementor-widget-container&quot;,&quot;ease&quot;:[&quot;power4.out&quot;],&quot;initValues&quot;:{&quot;opacity&quot;:0,&quot;y&quot;:-150},&quot;animations&quot;:{&quot;opacity&quot;:1,&quot;y&quot;:0}}\" class=\"elementor-element elementor-element-39eedc14 elementor-widget elementor-widget-hub_fancy_heading\" data-id=\"39eedc14\" data-element_type=\"widget\" data-e-type=\"widget\" data-widget_type=\"hub_fancy_heading.default\">\n\t\t\t\t<div class=\"elementor-widget-container\">\n\t\t\t\t\t\n\t\t<div id=\"ld-fancy-heading-69f5556f17806\" class=\"ld-fancy-heading pos-rel\">\n\t\t\t<h1 class=\"ld-fh-element d-inline-block pos-rel  elementor-heading-title lqd-highlight-custom lqd-highlight-custom-1 h1\"  > Industria<\/h1>\t\t<\/div>\n\n\t\t\t\t\t\t<\/div>\n\t\t\t\t<\/div>\n\t\t\t\t\t<\/div>\n\t\t<\/div>\n\t\t\t\t\t<\/div>\n\t\t<\/section>\n\t\t<div class=\"elementor-element elementor-element-f28b1de e-flex e-con-boxed e-con e-parent\" data-id=\"f28b1de\" data-element_type=\"container\" data-e-type=\"container\">\n\t\t\t\t\t<div class=\"e-con-inner\">\n\t\t\t\t<div class=\"elementor-element elementor-element-561674b elementor-grid-3 elementor-grid-tablet-2 elementor-grid-mobile-1 elementor-posts--thumbnail-top elementor-card-shadow-yes elementor-posts__hover-gradient elementor-widget elementor-widget-posts\" data-id=\"561674b\" data-element_type=\"widget\" data-e-type=\"widget\" data-settings=\"{&quot;cards_columns&quot;:&quot;3&quot;,&quot;cards_columns_tablet&quot;:&quot;2&quot;,&quot;cards_columns_mobile&quot;:&quot;1&quot;,&quot;cards_row_gap&quot;:{&quot;unit&quot;:&quot;px&quot;,&quot;size&quot;:35,&quot;sizes&quot;:[]},&quot;cards_row_gap_laptop&quot;:{&quot;unit&quot;:&quot;px&quot;,&quot;size&quot;:&quot;&quot;,&quot;sizes&quot;:[]},&quot;cards_row_gap_tablet&quot;:{&quot;unit&quot;:&quot;px&quot;,&quot;size&quot;:&quot;&quot;,&quot;sizes&quot;:[]},&quot;cards_row_gap_mobile&quot;:{&quot;unit&quot;:&quot;px&quot;,&quot;size&quot;:&quot;&quot;,&quot;sizes&quot;:[]}}\" data-widget_type=\"posts.cards\">\n\t\t\t\t<div class=\"elementor-widget-container\">\n\t\t\t\t\t\t\t<div class=\"elementor-posts-container elementor-posts elementor-posts--skin-cards elementor-grid\">\n\t\t\t\t<article class=\"elementor-post elementor-grid-item post-12398 aplicaciones-america type-aplicaciones-america status-publish has-post-thumbnail hentry category-industria tag-lipumax-separadores-de-grasas\">\n\t\t\t<div class=\"elementor-post__card\">\n\t\t\t\t<a class=\"elementor-post__thumbnail__link\" href=\"https:\/\/america.com.uy\/construccion\/aplicaciones-america\/separadores-de-grasas\/\" ><div class=\"elementor-post__thumbnail\"><img fetchpriority=\"high\" decoding=\"async\" width=\"300\" height=\"300\" src=\"https:\/\/america.com.uy\/construccion\/wp-content\/uploads\/2023\/12\/SEPARADORGRASASENTERRADOICONOWEB_IMRS-300x300.png\" class=\"attachment-medium size-medium wp-image-13058\" alt=\"\" srcset=\"https:\/\/america.com.uy\/construccion\/wp-content\/uploads\/2023\/12\/SEPARADORGRASASENTERRADOICONOWEB_IMRS-300x300.png 300w, https:\/\/america.com.uy\/construccion\/wp-content\/uploads\/2023\/12\/SEPARADORGRASASENTERRADOICONOWEB_IMRS-150x150.png 150w, https:\/\/america.com.uy\/construccion\/wp-content\/uploads\/2023\/12\/SEPARADORGRASASENTERRADOICONOWEB_IMRS.png 320w\" sizes=\"(max-width: 300px) 100vw, 300px\" itemprop=\"image\" \/><\/div><\/a>\n\t\t\t\t<div class=\"elementor-post__badge\">Industria<\/div>\n\t\t\t\t<div class=\"elementor-post__text\">\n\t\t\t\t<h3 class=\"elementor-post__title\">\n\t\t\t<a href=\"https:\/\/america.com.uy\/construccion\/aplicaciones-america\/separadores-de-grasas\/\" >\n\t\t\t\tSeparadores de grasas\t\t\t<\/a>\n\t\t<\/h3>\n\t\t\t\t<div class=\"elementor-post__excerpt\">\n\t\t\t<p>Un separador de grasas es un equipo de tratamiento de aguas residuales que gestiona las grasas de origen animal o vegetal en las cocinas de hoteles, restaurantes y en industrias<\/p>\n\t\t<\/div>\n\t\t\t\t\t<div class=\"elementor-post__read-more-wrapper\">\n\t\t\n\t\t<a class=\"elementor-post__read-more\" href=\"https:\/\/america.com.uy\/construccion\/aplicaciones-america\/separadores-de-grasas\/\" aria-label=\"Read more about Separadores de grasas\" >\n\t\t\tVer aplicaci\u00f3n \u00bb\t\t<\/a>\n\n\t\t\t\t\t<\/div>\n\t\t\t\t<\/div>\n\t\t\t\t\t<\/div>\n\t\t<\/article>\n\t\t\t\t<article class=\"elementor-post elementor-grid-item post-12397 aplicaciones-america type-aplicaciones-america status-publish has-post-thumbnail hentry category-industria tag-geodrenes tag-oleopator-separadores-de-hidrocarburos\">\n\t\t\t<div class=\"elementor-post__card\">\n\t\t\t\t<a class=\"elementor-post__thumbnail__link\" href=\"https:\/\/america.com.uy\/construccion\/aplicaciones-america\/separadores-de-hidrocarburos\/\" ><div class=\"elementor-post__thumbnail\"><img decoding=\"async\" width=\"212\" height=\"300\" src=\"data:image\/svg+xml;charset=utf-8,%3Csvg xmlns%3D&#039;http%3A%2F%2Fwww.w3.org%2F2000%2Fsvg&#039; viewBox%3D&#039;0 0  &#039;%2F%3E\" class=\"attachment-medium size-medium wp-image-13010 ld-lazyload\" alt=\"\" itemprop=\"image\" data-src=\"https:\/\/america.com.uy\/construccion\/wp-content\/uploads\/2023\/12\/6-Gasolinera-ACO-212x300.jpg\" data-srcset=\"https:\/\/america.com.uy\/construccion\/wp-content\/uploads\/2023\/12\/6-Gasolinera-ACO-212x300.jpg 212w, https:\/\/america.com.uy\/construccion\/wp-content\/uploads\/2023\/12\/6-Gasolinera-ACO-725x1024.jpg 725w, https:\/\/america.com.uy\/construccion\/wp-content\/uploads\/2023\/12\/6-Gasolinera-ACO.jpg 1196w\" data-sizes=\"(max-width: 212px) 100vw, 212px\" data-aspect=\"\" \/><\/div><\/a>\n\t\t\t\t<div class=\"elementor-post__badge\">Industria<\/div>\n\t\t\t\t<div class=\"elementor-post__text\">\n\t\t\t\t<h3 class=\"elementor-post__title\">\n\t\t\t<a href=\"https:\/\/america.com.uy\/construccion\/aplicaciones-america\/separadores-de-hidrocarburos\/\" >\n\t\t\t\tSeparadores de hidrocarburos\t\t\t<\/a>\n\t\t<\/h3>\n\t\t\t\t<div class=\"elementor-post__excerpt\">\n\t\t\t<p>SEPARADORES DE HIDROCARBUROS El escurrimiento de aguas sobre pavimentos vehiculares lava y arrastra hidrocarburos que son interceptados y filtrados por los separadores de hidrocarburos Oleopator ACO, logrando que la concentraci\u00f3n<\/p>\n\t\t<\/div>\n\t\t\t\t\t<div class=\"elementor-post__read-more-wrapper\">\n\t\t\n\t\t<a class=\"elementor-post__read-more\" href=\"https:\/\/america.com.uy\/construccion\/aplicaciones-america\/separadores-de-hidrocarburos\/\" aria-label=\"Read more about Separadores de hidrocarburos\" >\n\t\t\tVer aplicaci\u00f3n \u00bb\t\t<\/a>\n\n\t\t\t\t\t<\/div>\n\t\t\t\t<\/div>\n\t\t\t\t\t<\/div>\n\t\t<\/article>\n\t\t\t\t<article class=\"elementor-post elementor-grid-item post-12395 aplicaciones-america type-aplicaciones-america status-publish has-post-thumbnail hentry category-industria tag-canales-inox tag-sumideros-inox tag-tapas-inox tag-tuberias-inox\">\n\t\t\t<div class=\"elementor-post__card\">\n\t\t\t\t<a class=\"elementor-post__thumbnail__link\" href=\"https:\/\/america.com.uy\/construccion\/aplicaciones-america\/drenaje-higienico\/\" ><div class=\"elementor-post__thumbnail\"><img decoding=\"async\" width=\"300\" height=\"254\" src=\"data:image\/svg+xml;charset=utf-8,%3Csvg xmlns%3D&#039;http%3A%2F%2Fwww.w3.org%2F2000%2Fsvg&#039; viewBox%3D&#039;0 0  &#039;%2F%3E\" class=\"attachment-medium size-medium wp-image-13048 ld-lazyload\" alt=\"\" itemprop=\"image\" data-src=\"https:\/\/america.com.uy\/construccion\/wp-content\/uploads\/2023\/06\/drenaje-higienico-300x254.jpg\" data-srcset=\"https:\/\/america.com.uy\/construccion\/wp-content\/uploads\/2023\/06\/drenaje-higienico-300x254.jpg 300w, https:\/\/america.com.uy\/construccion\/wp-content\/uploads\/2023\/06\/drenaje-higienico.jpg 912w\" data-sizes=\"(max-width: 300px) 100vw, 300px\" data-aspect=\"\" \/><\/div><\/a>\n\t\t\t\t<div class=\"elementor-post__badge\">Industria<\/div>\n\t\t\t\t<div class=\"elementor-post__text\">\n\t\t\t\t<h3 class=\"elementor-post__title\">\n\t\t\t<a href=\"https:\/\/america.com.uy\/construccion\/aplicaciones-america\/drenaje-higienico\/\" >\n\t\t\t\tDrenaje Higi\u00e9nico\t\t\t<\/a>\n\t\t<\/h3>\n\t\t\t\t<div class=\"elementor-post__excerpt\">\n\t\t\t<p>Garantizando Ambientes Saludables y Seguros El drenaje higi\u00e9nico es una aplicaci\u00f3n fundamental para garantizar ambientes saludables y seguros en diversos entornos, desde hogares y hospitales hasta espacios p\u00fablicos y comerciales.<\/p>\n\t\t<\/div>\n\t\t\t\t\t<div class=\"elementor-post__read-more-wrapper\">\n\t\t\n\t\t<a class=\"elementor-post__read-more\" href=\"https:\/\/america.com.uy\/construccion\/aplicaciones-america\/drenaje-higienico\/\" aria-label=\"Read more about Drenaje Higi\u00e9nico\" >\n\t\t\tVer aplicaci\u00f3n \u00bb\t\t<\/a>\n\n\t\t\t\t\t<\/div>\n\t\t\t\t<\/div>\n\t\t\t\t\t<\/div>\n\t\t<\/article>\n\t\t\t\t<article class=\"elementor-post elementor-grid-item post-12393 aplicaciones-america type-aplicaciones-america status-publish has-post-thumbnail hentry category-industria tag-kerbdrain tag-monoblock-pd-y-rd tag-multidrain tag-qmax tag-self tag-sumideros tag-tapas\">\n\t\t\t<div class=\"elementor-post__card\">\n\t\t\t\t<a class=\"elementor-post__thumbnail__link\" href=\"https:\/\/america.com.uy\/construccion\/aplicaciones-america\/drenaje-superficial-2\/\" ><div class=\"elementor-post__thumbnail\"><img loading=\"lazy\" decoding=\"async\" width=\"300\" height=\"189\" src=\"data:image\/svg+xml;charset=utf-8,%3Csvg xmlns%3D&#039;http%3A%2F%2Fwww.w3.org%2F2000%2Fsvg&#039; viewBox%3D&#039;0 0  &#039;%2F%3E\" class=\"attachment-medium size-medium wp-image-13751 ld-lazyload\" alt=\"\" itemprop=\"image\" data-src=\"https:\/\/america.com.uy\/construccion\/wp-content\/uploads\/2023\/06\/rendering-watercycle-parkplatz-ACO_903x570-300x189.webp\" data-srcset=\"https:\/\/america.com.uy\/construccion\/wp-content\/uploads\/2023\/06\/rendering-watercycle-parkplatz-ACO_903x570-300x189.webp 300w, https:\/\/america.com.uy\/construccion\/wp-content\/uploads\/2023\/06\/rendering-watercycle-parkplatz-ACO_903x570.webp 903w\" data-sizes=\"(max-width: 300px) 100vw, 300px\" data-aspect=\"\" \/><\/div><\/a>\n\t\t\t\t<div class=\"elementor-post__badge\">Industria<\/div>\n\t\t\t\t<div class=\"elementor-post__text\">\n\t\t\t\t<h3 class=\"elementor-post__title\">\n\t\t\t<a href=\"https:\/\/america.com.uy\/construccion\/aplicaciones-america\/drenaje-superficial-2\/\" >\n\t\t\t\tDrenaje Superficial\t\t\t<\/a>\n\t\t<\/h3>\n\t\t\t\t<div class=\"elementor-post__excerpt\">\n\t\t\t<p>El uso de los sistemas de ACO para drenaje de pluviales como las regueras prefabricadas junto con los accesorios y complementos espec\u00edficos (registros, separadores de hidrocarburos, tanques amortiguadores, y otros),<\/p>\n\t\t<\/div>\n\t\t\t\t\t<div class=\"elementor-post__read-more-wrapper\">\n\t\t\n\t\t<a class=\"elementor-post__read-more\" href=\"https:\/\/america.com.uy\/construccion\/aplicaciones-america\/drenaje-superficial-2\/\" aria-label=\"Read more about Drenaje Superficial\" >\n\t\t\tVer aplicaci\u00f3n \u00bb\t\t<\/a>\n\n\t\t\t\t\t<\/div>\n\t\t\t\t<\/div>\n\t\t\t\t\t<\/div>\n\t\t<\/article>\n\t\t\t\t<article class=\"elementor-post elementor-grid-item post-12195 aplicaciones-america type-aplicaciones-america status-publish has-post-thumbnail hentry category-amortiguadores-de-pluviales category-drenaje category-geotextiles-no-tejidos category-industria category-ingenieria-ambiental category-ingenieria-hidraulica tag-accesorios-pvc tag-fix-o-flex-sellador-alto-rendimiento tag-gcl-tektoseal tag-geomembrana-hdpe-2 tag-geomembrana-pvc tag-geomembranas tag-geored tag-geotextil-rt tag-geotextiles-no-tejidos tag-tektoseal-active\">\n\t\t\t<div class=\"elementor-post__card\">\n\t\t\t\t<a class=\"elementor-post__thumbnail__link\" href=\"https:\/\/america.com.uy\/construccion\/aplicaciones-america\/impermeabilizacion-de-suelos\/\" ><div class=\"elementor-post__thumbnail\"><img loading=\"lazy\" decoding=\"async\" width=\"300\" height=\"149\" src=\"data:image\/svg+xml;charset=utf-8,%3Csvg xmlns%3D&#039;http%3A%2F%2Fwww.w3.org%2F2000%2Fsvg&#039; viewBox%3D&#039;0 0  &#039;%2F%3E\" class=\"attachment-medium size-medium wp-image-13046 ld-lazyload\" alt=\"\" itemprop=\"image\" data-src=\"https:\/\/america.com.uy\/construccion\/wp-content\/uploads\/2023\/05\/caso2.f4400b4f-300x149.png\" data-srcset=\"https:\/\/america.com.uy\/construccion\/wp-content\/uploads\/2023\/05\/caso2.f4400b4f-300x149.png 300w, https:\/\/america.com.uy\/construccion\/wp-content\/uploads\/2023\/05\/caso2.f4400b4f.png 580w\" data-sizes=\"(max-width: 300px) 100vw, 300px\" data-aspect=\"\" \/><\/div><\/a>\n\t\t\t\t<div class=\"elementor-post__badge\">Amortiguadores de pluviales<\/div>\n\t\t\t\t<div class=\"elementor-post__text\">\n\t\t\t\t<h3 class=\"elementor-post__title\">\n\t\t\t<a href=\"https:\/\/america.com.uy\/construccion\/aplicaciones-america\/impermeabilizacion-de-suelos\/\" >\n\t\t\t\tImpermeabilizaci\u00f3n de Suelos y Lagunas\t\t\t<\/a>\n\t\t<\/h3>\n\t\t\t\t<div class=\"elementor-post__excerpt\">\n\t\t\t<p>Las barreras impermeables son utilizadas en diversas obras ambientales y de ingenier\u00eda para impedir y\/o prevenir la migraci\u00f3n de l\u00edquidos al suelo. Tradicionalmente esas barreras han sido construidas con diferentes<\/p>\n\t\t<\/div>\n\t\t\t\t\t<div class=\"elementor-post__read-more-wrapper\">\n\t\t\n\t\t<a class=\"elementor-post__read-more\" href=\"https:\/\/america.com.uy\/construccion\/aplicaciones-america\/impermeabilizacion-de-suelos\/\" aria-label=\"Read more about Impermeabilizaci\u00f3n de Suelos y Lagunas\" >\n\t\t\tVer aplicaci\u00f3n \u00bb\t\t<\/a>\n\n\t\t\t\t\t<\/div>\n\t\t\t\t<\/div>\n\t\t\t\t\t<\/div>\n\t\t<\/article>\n\t\t\t\t<article class=\"elementor-post elementor-grid-item post-12038 aplicaciones-america type-aplicaciones-america status-publish has-post-thumbnail hentry category-industria category-ingenieria-hidraulica category-obras-civiles-y-arquitectura tag-accesorios-pvc tag-geoceldas-con-piedra tag-geomembrana-hdpe-2 tag-geomembrana-pvc tag-geomembranas tag-geotextil-rt tag-geotextiles-no-tejidos tag-stormbrixx\">\n\t\t\t<div class=\"elementor-post__card\">\n\t\t\t\t<a class=\"elementor-post__thumbnail__link\" href=\"https:\/\/america.com.uy\/construccion\/aplicaciones-america\/amortiguacion\/\" ><div class=\"elementor-post__thumbnail\"><img loading=\"lazy\" decoding=\"async\" width=\"300\" height=\"275\" src=\"data:image\/svg+xml;charset=utf-8,%3Csvg xmlns%3D&#039;http%3A%2F%2Fwww.w3.org%2F2000%2Fsvg&#039; viewBox%3D&#039;0 0  &#039;%2F%3E\" class=\"attachment-medium size-medium wp-image-13505 ld-lazyload\" alt=\"\" itemprop=\"image\" data-src=\"https:\/\/america.com.uy\/construccion\/wp-content\/uploads\/2023\/05\/suds-300x275.jpg\" data-srcset=\"https:\/\/america.com.uy\/construccion\/wp-content\/uploads\/2023\/05\/suds-300x275.jpg 300w, https:\/\/america.com.uy\/construccion\/wp-content\/uploads\/2023\/05\/suds.jpg 641w\" data-sizes=\"(max-width: 300px) 100vw, 300px\" data-aspect=\"\" \/><\/div><\/a>\n\t\t\t\t<div class=\"elementor-post__badge\">Industria<\/div>\n\t\t\t\t<div class=\"elementor-post__text\">\n\t\t\t\t<h3 class=\"elementor-post__title\">\n\t\t\t<a href=\"https:\/\/america.com.uy\/construccion\/aplicaciones-america\/amortiguacion\/\" >\n\t\t\t\tAmortiguaci\u00f3n\t\t\t<\/a>\n\t\t<\/h3>\n\t\t\t\t<div class=\"elementor-post__excerpt\">\n\t\t\t<p>Amortiguaci\u00f3n o laminaci\u00f3n de pluviales A medida que el clima cambia y los eventos de lluvia significativos se vuelven m\u00e1s frecuentes, la gesti\u00f3n del agua superficial se torna cada vez<\/p>\n\t\t<\/div>\n\t\t\t\t\t<div class=\"elementor-post__read-more-wrapper\">\n\t\t\n\t\t<a class=\"elementor-post__read-more\" href=\"https:\/\/america.com.uy\/construccion\/aplicaciones-america\/amortiguacion\/\" aria-label=\"Read more about Amortiguaci\u00f3n\" >\n\t\t\tVer aplicaci\u00f3n \u00bb\t\t<\/a>\n\n\t\t\t\t\t<\/div>\n\t\t\t\t<\/div>\n\t\t\t\t\t<\/div>\n\t\t<\/article>\n\t\t\t\t<article class=\"elementor-post elementor-grid-item post-12020 aplicaciones-america type-aplicaciones-america status-publish has-post-thumbnail hentry category-industria category-ingenieria-vial tag-basetrac-grid tag-geotextil-rt tag-geotextiles-no-tejidos tag-geotextiles-tejidos\">\n\t\t\t<div class=\"elementor-post__card\">\n\t\t\t\t<a class=\"elementor-post__thumbnail__link\" href=\"https:\/\/america.com.uy\/construccion\/aplicaciones-america\/refuerzo-de-bases-y-subrasantes\/\" ><div class=\"elementor-post__thumbnail\"><img loading=\"lazy\" decoding=\"async\" width=\"300\" height=\"252\" src=\"data:image\/svg+xml;charset=utf-8,%3Csvg xmlns%3D&#039;http%3A%2F%2Fwww.w3.org%2F2000%2Fsvg&#039; viewBox%3D&#039;0 0  &#039;%2F%3E\" class=\"attachment-medium size-medium wp-image-13142 ld-lazyload\" alt=\"\" itemprop=\"image\" data-src=\"https:\/\/america.com.uy\/construccion\/wp-content\/uploads\/2023\/05\/Reforco-de-Base-de-Pavimento-1-300x252.jpg\" data-srcset=\"https:\/\/america.com.uy\/construccion\/wp-content\/uploads\/2023\/05\/Reforco-de-Base-de-Pavimento-1-300x252.jpg 300w, https:\/\/america.com.uy\/construccion\/wp-content\/uploads\/2023\/05\/Reforco-de-Base-de-Pavimento-1-1024x860.jpg 1024w\" data-sizes=\"(max-width: 300px) 100vw, 300px\" data-aspect=\"\" \/><\/div><\/a>\n\t\t\t\t<div class=\"elementor-post__badge\">Industria<\/div>\n\t\t\t\t<div class=\"elementor-post__text\">\n\t\t\t\t<h3 class=\"elementor-post__title\">\n\t\t\t<a href=\"https:\/\/america.com.uy\/construccion\/aplicaciones-america\/refuerzo-de-bases-y-subrasantes\/\" >\n\t\t\t\tRefuerzo de bases y estabilizaci\u00f3n de subrasantes en pavimentos\t\t\t<\/a>\n\t\t<\/h3>\n\t\t\t\t<div class=\"elementor-post__excerpt\">\n\t\t\t<p>El refuerzo de bases y subrasantes proporciona una serie de beneficios para las v\u00edas de transporte cerretero, caminer\u00eda rural, v\u00edas urbanas y ferroviarias Estos beneficios incluyen una mayor capacidad de<\/p>\n\t\t<\/div>\n\t\t\t\t\t<div class=\"elementor-post__read-more-wrapper\">\n\t\t\n\t\t<a class=\"elementor-post__read-more\" href=\"https:\/\/america.com.uy\/construccion\/aplicaciones-america\/refuerzo-de-bases-y-subrasantes\/\" aria-label=\"Read more about Refuerzo de bases y estabilizaci\u00f3n de subrasantes en pavimentos\" >\n\t\t\tVer aplicaci\u00f3n \u00bb\t\t<\/a>\n\n\t\t\t\t\t<\/div>\n\t\t\t\t<\/div>\n\t\t\t\t\t<\/div>\n\t\t<\/article>\n\t\t\t\t<\/div>\n\t\t\n\t\t\t\t\t\t<\/div>\n\t\t\t\t<\/div>\n\t\t\t\t\t<\/div>\n\t\t\t\t<\/div>\n\t\t\t\t<\/div>\n\t\t","protected":false},"excerpt":{"rendered":"<p>Industria<\/p>\n","protected":false},"author":3,"featured_media":0,"parent":0,"menu_order":0,"comment_status":"closed","ping_status":"closed","template":"","meta":{"_eb_attr":"","_monsterinsights_skip_tracking":false,"_monsterinsights_sitenote_active":false,"_monsterinsights_sitenote_note":"","_monsterinsights_sitenote_category":0,"footnotes":"","_links_to":"","_links_to_target":""},"class_list":["post-12112","page","type-page","status-publish","hentry"],"_links":{"self":[{"href":"https:\/\/america.com.uy\/construccion\/wp-json\/wp\/v2\/pages\/12112","targetHints":{"allow":["GET"]}}],"collection":[{"href":"https:\/\/america.com.uy\/construccion\/wp-json\/wp\/v2\/pages"}],"about":[{"href":"https:\/\/america.com.uy\/construccion\/wp-json\/wp\/v2\/types\/page"}],"author":[{"embeddable":true,"href":"https:\/\/america.com.uy\/construccion\/wp-json\/wp\/v2\/users\/3"}],"replies":[{"embeddable":true,"href":"https:\/\/america.com.uy\/construccion\/wp-json\/wp\/v2\/comments?post=12112"}],"version-history":[{"count":0,"href":"https:\/\/america.com.uy\/construccion\/wp-json\/wp\/v2\/pages\/12112\/revisions"}],"wp:attachment":[{"href":"https:\/\/america.com.uy\/construccion\/wp-json\/wp\/v2\/media?parent=12112"}],"curies":[{"name":"wp","href":"https:\/\/api.w.org\/{rel}","templated":true}]}}